26864461 prime?
True
Is 1139029757 composite?
False
Is 15908854177 a prime number?
True
Is 201907422173 a composite number?
True
Is 19070561179 prime?
True
Is 7896033161 a prime number?
True
Is 23198669602 a composite number?
True
Is 29427283037 prime?
True
Is 17184385219 composite?
False
Is 9373693447 a prime number?
False
Is 4049108785 a prime number?
False
Is 9514482889 a composite number?
True
Is 408390336793 prime?
True
Is 804001291 prime?
False
Is 910056071 a composite number?
False
Is 230438339 prime?
False
Is 102726405539 composite?
False
Is 13910180237 prime?
True
Is 5420143739 a prime number?
False
Is 365016901 a composite number?
False
Is 7721792981 composite?
True
Is 25272049235 prime?
False
Is 1454190607 a prime number?
False
Is 5253653887 a composite number?
False
Is 3040093439 composite?
False
Is 89005792793 composite?
True
Is 4523796401 composite?
False
Is 243145937 composite?
False
Is 4619582563 a prime number?
True
Is 10431749171 prime?
True
Is 2420123249 a composite number?
False
Is 16052905327 prime?
False
Is 17191289161 composite?
False
Is 54188143 composite?
False
Is 9474411806 a prime number?
False
Is 80983117 a prime number?
True
Is 2731510709 composite?
False
Is 1352706989 a prime number?
True
Is 253623291 a composite number?
True
Is 39142403351 a composite number?
False
Is 562020819 prime?
False
Is 87579197 prime?
True
Is 15419359429 prime?
True
Is 7541213653 prime?
True
Is 9739341229 a prime number?
False
Is 3761090045 prime?
False
Is 35332001311 prime?
True
Is 181435756246 composite?
True
Is 6139651283 prime?
True
Is 26822211457 a prime number?
True
Is 681587639 composite?
False
Is 52709039977 a composite number?
True
Is 604362191 prime?
False
Is 4813469051 prime?
True
Is 61766351 prime?
True
Is 7284258323 composite?
True
Is 148104726361 a composite number?
True
Is 1395036623 composite?
False
Is 1369088327 composite?
False
Is 695626913 composite?
True
Is 12348339109 composite?
True
Is 85802743753 composite?
True
Is 8723908129 prime?
False
Is 1232932007 composite?
True
Is 29049271351 a composite number?
True
Is 244951471 prime?
True
Is 5240247707 prime?
True
Is 45931076903 prime?
True
Is 607843595 a composite number?
True
Is 1591727617 a composite number?
True
Is 2691015209 prime?
False
Is 10414723567 a composite number?
True
Is 5978154709 prime?
True
Is 1622949079 composite?
False
Is 64514137 a composite number?
True
Is 8175798359 a composite number?
False
Is 121980706547 a composite number?
True
Is 1380763019 composite?
False
Is 2760617653 composite?
True
Is 67694282857 a prime number?
True
Is 2899865609 a composite number?
False
Is 201948037 prime?
False
Is 3360042407 a prime number?
True
Is 18614802889 composite?
False
Is 151225435 a prime number?
False
Is 11183392459 a prime number?
False
Is 6508605821 prime?
True
Is 47290579843 a composite number?
True
Is 868284763 a composite number?
False
Is 16190552551 prime?
True
Is 21787473857 a prime number?
False
Is 3773972933 composite?
True
Is 9723103483 a prime number?
False
Is 3347882129 a composite number?
True
Is 122051760643 prime?
True
Is 14784360043 a prime number?
False
Is 173510278265 prime?
False
Is 75832529489 a composite number?
False
Is 40405663 a prime number?
False
Is 154166431 a composite number?
False
Is 968619989 a composite number?
False
Is 5766171823 composite?
True
Is 39596008766 a prime number?
False
Is 23016948377 a prime number?
True
Is 1099022927 a prime number?
True
Is 9472632031 composite?
False
Is 244707805847 a prime number?
False
Is 100461017513 a prime number?
False
Is 13368912883 a composite number?
True
Is 19415159 prime?
True
Is 12790294001 a composite number?
False
Is 3434957021 a prime number?
False
Is 508375757 a composite number?
False
Is 309502717715 composite?
True
Is 3400095811 a prime number?
False
Is 9063271 a composite number?
True
Is 838776383 a prime number?
True
Is 1034366221 prime?
False
Is 9520312603 a prime number?
False
Is 4558474937 a prime number?
False
Is 126577401077 a prime number?
False
Is 1735706642 prime?
False
Is 13408021727 a composite number?
True
Is 266577407543 prime?
True
Is 5882842019 composite?
True
Is 592850173 a composite number?
False
Is 1317271849 composite?
True
Is 1027092097 a composite number?
True
Is 315097351 a composite number?
False
Is 800155347 a composite number?
True
Is 489569027 prime?
True
Is 13083429169 a prime number?
False
Is 12238393067 a prime number?
False
Is 1506712759 a prime number?
True
Is 99337691 a composite number?
False
Is 80322019 prime?
True
Is 189660782291 a composite number?
False
Is 12975462497 a prime number?
False
Is 11683491734 a composite number?
True
Is 4778492867 composite?
True
Is 561017843 prime?
False
Is 46719130763 a prime number?
True
Is 66008777 a composite number?
True
Is 4104890591 prime?
True
Is 12494846591 a prime number?
False
Is 9433965809 composite?
False
Is 475735882 prime?
False
Is 2410653293 prime?
True
Is 7683749657 composite?
True
Is 3014087331 prime?
False
Is 209225117 composite?
False
Is 11225777 a composite number?
False
Is 11692756193 a prime number?
False
Is 15528205379 a prime number?
False
Is 3398954227 a composite number?
False
Is 228163459 prime?
False
Is 920652169 prime?
False
Is 4603323469 composite?
True
Is 360399302903 prime?
True
Is 114890579 prime?
True
Is 109130941 a prime number?
True
Is 4591845305 a composite number?
True
Is 3321195721 prime?
True
Is 42249159679 a prime number?
False
Is 475174751 a composite number?
True
Is 127129273 a composite number?
False
Is 41408051 composite?
True
Is 1316379245 prime?
False
Is 807786743 a composite number?
False
Is 1373316271 a composite number?
True
Is 30493723121 a prime number?
False
Is 252826079 composite?
True
Is 347336459 a prime number?
True
Is 8296369927 composite?
False
Is 187335983182 prime?
False
Is 12995519279 a composite number?
False
Is 128282723 a prime number?
False
Is 32261527153 a prime number?
True
Is 5689964869 prime?
False
Is 269842993 composite?
True
Is 198297494849 a composite number?
False
Is 134883901 a prime number?
False
Is 8335888999 a composite number?
True
Is 685626649 a prime number?
False
Is 2356549187 composite?
False
Is 3519684901 prime?
True
Is 51571818367 prime?
True
Is 107532263 a composite number?
True
Is 78828142817 prime?
False
Is 2219881187 a composite number?
True
Is 869476789 composite?
True
Is 50402076427 prime?
False
Is 4787972447 composite?
False
Is 6813162049 composite?
False
Is 10168183801 composite?
False
Is 12817593721 prime?
True
Is 17155466579 prime?
True
Is 257636952713 a composite number?
True
Is 5985611831 prime?
True
Is 34892509 prime?
True
Is 4163556029 composite?
True
Is 15001781 prime?
True
Is 6741527 a prime number?
False
Is 2569815673 a prime number?
False
Is 76838394827 a composite number?
True
Is 3606281161 composite?
True
Is 1120823351 prime?
False
Is 750685301 a composite number?
False
Is 363706841 a composite number?
False
Is 45817250977 composite?
False
Is 2706057089 prime?
True
Is 4236918767 prime?
True
Is 29099467 a prime number?
False
Is 120763729 a prime number?
False
Is 4507987 composite?
True
Is 291632558447 composite?
False
Is 20063639755 a prime number?
False
Is 5809637 a composite number?
True
Is 1512848123 a prime number?
True
Is 1178237761 a composite number?
True
Is 27571684774 composite?
True
Is 3579571321 prime?
True
Is 542992057 a prime number?
False
Is 4540422899 composite?
False
Is 12607943287 a prime number?
False
Is 2262615239 a composite number?
False
Is 417893837 composite?
False
Is 727552927 prime?
False
Is 23919376231 composite?
True
Is 1417053971 a prime number?
True
Is 12630212499 composite?
True
Is 2130558182 a prime number?
False
Is 3917304197 a prime number?
True
Is 1424817887 composite?
True
Is 78644721539 a prime number?
True
Is 104945003 a composite number?
False
Is 1540456943 composite?
False
Is 62911897877 prime?
True
Is 221936251 a composite number?
True
Is 1010720693 composite?
True
Is 1681959581 a composite number?
True
Is 169885656193 prime?
False
Is 1473295097 a composite number?
False
Is 1448147105 a composite number?
True
Is 320193989 composite?
False
Is 164307498491 a composite number?
False
Is 1914718871 a composite number?
True
Is 56171147969 prime?
True
Is 251681491 a compos